 x(h) = 5*a(h) - 6*g(h). Let b = 87 - 82. Calculate the remainder when 7 is divided by x(b).
1
Let y(t) = -5*t + 2. Let i(c) = 0*c + 2 - c - 3*c + 0*c. Let n(k) = -6*i(k) + 5*y(k). Calculate the remainder when 15 is divided by n(-8).
3
Let p be 80/25 + 1/(-5). Suppose 0 = m + 4*m - i - 117, -5*m = -p*i - 121. Calculate the remainder when m is divided by 4.
3
Let q = 10 - -8. Let d(m) = -8*m + 7. Suppose -15*j + 12*j + 4 = p, 5*j - p + 4 = 0. What is the remainder when q is divided by d(j)?
4
Let a = 83 - -85. Suppose n - a = -2*n - 3*f, -4*f = -4*n + 184. Calculate the remainder when n is divided by 26.
25
Let c = -418 - -432. Calculate the remainder when c is divided by (-33)/(-4) - (-2)/(-8).
6
What is the remainder when 628 is divided by 5447/78 + 3/18?
68
Let p = -52 - -133. Calculate the remainder when p is divided by 41.
40
Let y = -2462 - -2515. Suppose -3*j + 72 = j. Calculate the remainder when y is divided by j.
17
Suppose -4 = 2*y - 8. Suppose f + i - 18 = -y*i, 0 = 5*f + 4*i - 57. Calculate the remainder when 35 is divided by f.
8
Suppose 128 = 3*r + 2*z + 24, -r + 46 = -5*z. Let p = r - 17. What is the remainder when 73 is divided by p?
16
Calculate the remainder when 295/(-25)*-5 - 8 is divided by 8.
3
Let n be 3 + 85/(-30) + 58/12. Suppose 3*d = -3*z + 60, n*z = 5*d - 0*d + 50. Calculate the remainder when 42 is divided by z.
12
Let b(t) = 9*t**3 + 2*t**2 + t. Let r be b(-1). Let v = 8 - r. Calculate the remainder when 61 - (4/22 + 16/(-88)) is divided by v.
13
Let k be 0 + 0 + -2 - 9. Let i = 21 + k. Let c = 38 - 35. Calculate the remainder when i is divided by c.
1
Suppose -644*g + 662*g = 1656. Calculate the remainder when 99 is divided by g.
7
Suppose -2*h + h - 2 = 0. Let m be (0 - -3 - 61)/h. What is the remainder when 24 is divided by m/2 - (-3)/(-2)?
11
Suppose 3*y + 153 - 24 = 3*l, -3*l = -5*y - 127. Let g = -8 + l. Calculate the remainder when g is divided by 13.
10
Calculate the remainder when 497 is divided by (21/(735/(-10)))/((-1)/581).
165
Let c = 9 + 28. Let w = -82 + 92. Calculate the remainder when c is divided by w.
7
Let l be 450/4*(-136)/(-102). Suppose -4*q + l = 2*r, 2*q + 4*r - 2*r = 74. Calculate the remainder when q is divided by (14 - 0)*1/1.
10
Suppose z + m = 3*z, 0 = 5*z + 2*m. Suppose z = 5*l - 44 - 151. What is the remainder when l is divided by (-4)/(-14) + 192/14?
11
Let t(k) = 21*k + 12. Let j be t(-4). Let o = 8 - 4. What is the remainder when (j/20)/6*-20 is divided by o?
0
Suppose -78*w + 46 = -76*w + 2*i, w = 3*i + 7. What is the remainder when w is divided by 6?
1
Let f(k) be the first derivative of k**3 + 7*k**2/2 - 25*k + 7. What is the remainder when f(5) is divided by 22?
19
Suppose 0 = -5*c - 2*l - 0*l + 5, -2*c + l = -11. Suppose 46 = n - 2*t, -5*n - 8*t + 170 = -c*t. Calculate the remainder when n is divided by 13.
12
Let q be ((-21)/4)/(15/60). Let j = q - -51. Let w(r) = -r**3 - 3*r**2 - 8*r - 3. What is the remainder when w(-5) is divided by j?
27
Let r be (-114)/(-9) + 5/15. Let d(m) = m + 6 + r - 2 - 4. Calculate the remainder when d(7) is divided by 8.
4
What is the remainder when 72/(-360) + (-4061)/(-5) is divided by 12?
8
Let u = 47 + -44. Suppose 0 = -u*g - 0*g + 27. What is the remainder when 25 is divided by g?
7
Let d be 1 + 6*4*4. Let b = -23 + d. Suppose -3 = -z, -j + 0*j - 3*z + 28 = 0. Calculate the remainder when b is divided by j.
17
Let u(l) = 7*l - 28. Calculate the remainder when u(15) is divided by 44.
33
Let p be (-42)/(-7 - -5 - 0). Let r be (4/(-5))/((-4)/(-70)). Let v = p + r. What is the remainder when 26 is divided by v?
5
Let q(j) = -j + 14. Let x be -7 - -3 - (1 - -2). Let f be q(x). Let c = -9 + f. Calculate the remainder when 45 is divided by c.
9
Suppose 3*t - 4*a = 10, 7*t - 22 = 2*t + 4*a. Calculate the remainder when 329 is divided by t.
5
Suppose -12 = 2*t - 5*x, -3*t - 8 = -4*t - x. Let r be (-20)/((24/33)/t). What is the remainder when r/(-3) + (-1)/(-3) is divided by 10?
7
Suppose -21*o = -27*o + 138. What is the remainder when 158 is divided by o?
20
Let r = 144 - -11. What is the remainder when r is divided by 79?
76
Let i(j) be the third derivative of j**6/120 - j**5/4 + j**3/2 + j**2. Let s be 18 - ((-9)/3 - -6). What is the remainder when 4 is divided by i(s)?
1
Let q = 26 - 25. Let b = 7 + q. What is the remainder when 73 is divided by (0 - b/2) + 23?
16
Let i(m) = m**3 - 55*m**2 + 54*m + 2. Suppose 0 = -3*y + 2 - 8. Let j = 5 - y. Calculate the remainder when j is divided by i(54).
1
Let j = -11 + -108. Suppose -12 = -4*o + 12. What is the remainder when o is divided by ((-16)/(-10))/(-3 + j/(-35))?
2
What is the remainder when 6969/13 + (-107)/1391 is divided by 11?
8
Let c(v) = -3*v**3 - v**2 - 2*v. Let i be c(2). Let q = 49 + i. Let n(b) = 9*b + 4. What is the remainder when n(3) is divided by q?
14
Let w be (1500/(-72))/(-25) - (-31)/6. Let p be ((-6)/8)/((-2)/104). Suppose -w*x + 51 = -p. What is the remainder when 26 is divided by x?
11
Suppose x = -3*a + 4, -3*a - 5*x = -0*a + 4. What is the remainder when 77 is divided by 79/a - (-2)/4?
37
Suppose -3*m + h = -m - 32, 3*m = h + 47. Calculate the remainder when 109 is divided by m.
4
Let h = -458 + 778. Calculate the remainder when h is divided by 36.
32
Let x be (-3)/9 + 496/12. Suppose p + p = 3*w + x, 4*w - 68 = -5*p. What is the remainder when 46 is divided by p?
14
Let a(d) = -10*d + 163. Calculate the remainder when a(14) is divided by 5.
3
Suppose 5*f = 3*f + 98. What is the remainder when f is divided by (-1 - -15) + 1/(-1)?
10
Let v(w) = -w**3 - 3*w**2 + 3*w + 4. What is the remainder when v(-4) is divided by 3 - (-3 + (-2)/(-8)*4)?
3
Suppose -12 = -y - 2*n, -5*y = -n - 13 - 91. What is the remainder when 2439 is divided by y?
19
Let b(k) be the third derivative of -k**6/120 + k**5/6 - 7*k**4/8 - 13*k**3/6 - 39*k**2. Calculate the remainder when (-2)/(-8) - 51/(-4) is divided by b(6).
3
Suppose 5*y - 3*m = 543, 40*y - 41*y - m + 115 = 0. Calculate the remainder when y is divided by 41.
29
Let w be (-600)/(-275) - (-2)/(-11). Suppose 4*s = -2*j + 46, -s = -2*s - w*j + 19. Calculate the remainder when 30 is divided by s.
3
Let s(n) = 73*n - 2. What is the remainder when s(2) is divided by 30?
24
What is the remainder when 28 - (7 - -3 - 7) is divided by 19?
6
Suppose -144 = 4*v - 12*v. Suppose 3*y = v + 78. What is the remainder when 92 is divided by y?
28
Let j(d) = -d**3 - 8*d**2 - 6*d - 1. Suppose -5*o = 3*y - 82, 2*y - 26 = -3*o + 23. What is the remainder when j(-8) is divided by o?
13
Let z(h) = 4*h**2 - 2*h - 7. Let v be z(-5). Suppose -8*o = -4*o + 5*s - v, -o = -3*s - 47. What is the remainder when 123 is divided by o?
27
Let g = 8 + 1. Let v(p) = 2*p**2 - p**2 + 22 - 8 + 5*p + 4*p. What is the remainder when v(-10) is divided by g?
6
Suppose -2*v - 4*r + 45 = -25, -3*v + 2*r + 73 = 0. Let a = 36 - v. Calculate the remainder when 44 is divided by a.
8
Suppose 2*j - 91 = -3. Suppose 0 = o - 5*o + 60. What is the remainder when j is divided by o?
14
Let u be (-13 - 0 - -1) + -4. What is the remainder when 29 is divided by 28/(-7) + (-1 - u)?
7
Let q(k) = -k**3 - 2*k + 1. Let l be q(0). Let i = l + -13. What is the remainder when (-332)/(-12) - (-8)/i is divided by 10?
7
Let c(z) = 18*z**2 + 44*z - 90. What is the remainder when c(2) is divided by 44?
26
Let r(h) = 44*h + 453. Calculate the remainder when r(-10) is divided by 3.
1
Suppose -c + 0*c = -4*j - 16, -3*j = -3. Let g = -18 + c. Suppose -g*o - 4 = -24. Calculate the remainder when o is divided by 4.
2
Let c be 10/35 - (2 + 66/(-14)). Suppose c*w + 24 = 3*s, -w = -5*s - 0*w + 36. Calculate the remainder when 34 is divided by s.
6
Let k = 28 - 24. Suppose -c + k = -15. Calculate the remainder when c is divided by 4.
3
Suppose 0*m - 28 = -2*n + 2*m, 2 = n + 3*m. Let d(i) = -16*i + 2. Calculate the remainder when d(-6) is divided by n.
10
Suppose -3*a = -5*a. Suppose -3*l - 3*p + 15 = a, -2*l - 12 = -4*l - p. Calculate the remainder when l is divided by (24/30)/((-2)/(-5)).
1
Let z be (4610/(-40))/((-1)/(-4)). Let p = -312 - z. Let t = p + -84. Calculate the remainder when t is divided by 22.
21
Let s(v) = v**3 - 7*v**2 + 4*v - 8. Calculate the remainder when s(7) is divided by (-4)/6 + (-140)/(-21).
2
Let 